{"id":95959,"date":"2021-05-10T15:11:20","date_gmt":"2021-05-10T13:11:20","guid":{"rendered":"https:\/\/www.centredelagravure.be\/?post_type=exhibition&#038;p=95959"},"modified":"2021-05-10T15:14:51","modified_gmt":"2021-05-10T13:14:51","slug":"limited-edition-art-fair","status":"publish","type":"exhibition","link":"https:\/\/www.centredelagravure.be\/en\/exhibition\/limited-edition-art-fair\/","title":{"rendered":"Limited Edition Art Fair"},"content":{"rendered":"\n<p>The CGII was invited by the Boghossian Foundation to the Villa Empain to participate in the 2nd edition of the Limited Edition Art Fair. We presented a selection of works by artists from the collection, such as Pierre Alechinsky or Fran\u00e7ois Schuiten, as well as editions presented for <a href=\"https:\/\/www.centredelagravure.be\/en\/exhibition\/bye-bye-his-story-chapter-5050\/\">Bye Bye His\u2011Story<\/a>. We exhibited alongside contemporary artists in residence there, international publishers, specialist galleries and other Belgian institutions such as CIVA. The villa was full of various limited edition contemporary artworks.<\/p>\n\n\n\n<blockquote class=\"wp-block-quote is-layout-flow wp-block-quote-is-layout-flow\"><p><span class=\"has-inline-color has-accent-color-color\">Exhibited artists list<\/span><\/p><\/blockquote>\n\n\n\n<p>Pierre Alechinsky, Babi Badalov, Charlotte Beaudry, Mirko Canesi, Com\u00e8s, Michael Dans, Lise Duclaux, Val\u00e9rian Goalec, Olivia Hernaiz, Alfred Kenneth, Thierry Lenoir, Moebius, Daniel Nadaud, Serge Onnen, Fran\u00e7oise P\u00e9trovitch, Roger Remacle, Fran\u00e7ois Schuiten, Clara Thomine et Bram van Velde.<\/p>\n\n\n\n<div class=\"wp-block-buttons is-layout-flex wp-block-buttons-is-layout-flex\">\n<div class=\"wp-block-button is-style-outline is-style-outline--1\"><a class=\"wp-block-button__link has-accent-color-color has-text-color\" href=\"https:\/\/www.centredelagravure.be\/wp-content\/uploads\/2021\/05\/LEAF-2021_Revue-de-presse_Small.pdf\">Press<\/a><\/div>\n<\/div>\n","protected":false},"excerpt":{"rendered":"<p>2nd Edition<\/p>\n","protected":false},"featured_media":95749,"template":"","exhibition-category":[118],"class_list":["post-95959","exhibition","type-exhibition","status-publish","has-post-thumbnail","hentry","exhibition-category-extramuros-en"],"acf":[],"_links":{"self":[{"href":"https:\/\/www.centredelagravure.be\/en\/wp-json\/wp\/v2\/exhibition\/95959","targetHints":{"allow":["GET"]}}],"collection":[{"href":"https:\/\/www.centredelagravure.be\/en\/wp-json\/wp\/v2\/exhibition"}],"about":[{"href":"https:\/\/www.centredelagravure.be\/en\/wp-json\/wp\/v2\/types\/exhibition"}],"wp:featuredmedia":[{"embeddable":true,"href":"https:\/\/www.centredelagravure.be\/en\/wp-json\/wp\/v2\/media\/95749"}],"wp:attachment":[{"href":"https:\/\/www.centredelagravure.be\/en\/wp-json\/wp\/v2\/media?parent=95959"}],"wp:term":[{"taxonomy":"exhibition-category","embeddable":true,"href":"https:\/\/www.centredelagravure.be\/en\/wp-json\/wp\/v2\/exhibition-category?post=95959"}],"curies":[{"name":"wp","href":"https:\/\/api.w.org\/{rel}","templated":true}]}}

<p>The CGII was invited by the Boghossian Foundation to the Villa Empain to participate in the 2nd edition of the Limited Edition Art Fair. We presented a selection of works by artists from the collection, such as Pierre Alechinsky or François Schuiten, as well as editions presented for <a href="https://www.centredelagravure.be/en/exhibition/bye-bye-his-story-chapter-5050/">Bye Bye His‑Story</a>. We exhibited alongside contemporary artists in residence there, international publishers, specialist galleries and other Belgian institutions such as CIVA. The villa was full of various limited edition contemporary artworks.</p>



<blockquote class="wp-block-quote is-layout-flow wp-block-quote-is-layout-flow"><p><span class="has-inline-color has-accent-color-color">Exhibited artists list</span></p></blockquote>



<p>Pierre Alechinsky, Babi Badalov, Charlotte Beaudry, Mirko Canesi, Comès, Michael Dans, Lise Duclaux, Valérian Goalec, Olivia Hernaiz, Alfred Kenneth, Thierry Lenoir, Moebius, Daniel Nadaud, Serge Onnen, Françoise Pétrovitch, Roger Remacle, François Schuiten, Clara Thomine et Bram van Velde.</p>



<div class="wp-block-buttons is-layout-flex wp-block-buttons-is-layout-flex">
<div class="wp-block-button is-style-outline is-style-outline--1"><a class="wp-block-button__link has-accent-color-color has-text-color" href="https://www.centredelagravure.be/wp-content/uploads/2021/05/LEAF-2021_Revue-de-presse_Small.pdf">Press</a></div>
</div>
